{"id":1708,"date":"2015-04-29T14:51:00","date_gmt":"2015-04-29T12:51:00","guid":{"rendered":"http:\/\/feuerwehr-weissenfels.de\/?page_id=1708"},"modified":"2018-01-27T13:58:04","modified_gmt":"2018-01-27T11:58:04","slug":"tlf-2450","status":"publish","type":"page","link":"https:\/\/feuerwehr-weissenfels.de\/?page_id=1708","title":{"rendered":"TLF 24\/50"},"content":{"rendered":"<p>&nbsp;<\/p>\n<p><strong>Fahrzeugbezeichnung:<\/strong> Tankl\u00f6schfahrzeug \u00a024\/50 (TLF 24\/50)<\/p>\n<p><strong>Hersteller: <\/strong>MAN<\/p>\n<p><strong>Typ: <\/strong>F 2000<\/p>\n<p><strong>Aufbau: <\/strong>Magirus<\/p>\n<p><strong>Baujahr: <\/strong>19.12.1996<\/p>\n<p><strong>Gesamtgewicht: <\/strong>17 t<\/p>\n<p><strong>Besatzung:<\/strong>\u00a03 Einsatzkr\u00e4fte<\/p>\n<p><strong>L\u00f6schwasser:<\/strong>\u00a04800 Liter<\/p>\n<p><strong>Schaumittel:<\/strong>\u00a0500 Liter<\/p>\n<p><strong>Sonderbest\u00fcckung: <\/strong>Hydraulisches Rettungsger\u00e4t \u00a0&#8222;Weber&#8220; (Schere +\u00a0Spreizer 700bar), Gasmessger\u00e4te, Rettungss\u00e4ge, Trennschleifer, Motorkettens\u00e4ge, First Responderausstattung (Beatmungsbeutel + Zubeh\u00f6r, gro\u00dfer Erste Hilfe Kasten), W\u00e4rmebildkamera (WBK), 4x Atemschutz,\u00a0Handlampen &#8222;Adalit&#8220; LED L 3000 Atex<\/p>\n<p>[print_gllr id=7573]<\/p>\n","protected":false},"excerpt":{"rendered":"<p>&nbsp; Fahrzeugbezeichnung: Tankl\u00f6schfahrzeug \u00a024\/50 (TLF 24\/50) Hersteller: MAN Typ: F 2000 Aufbau: Magirus Baujahr: 19.12.1996 Gesamtgewicht: 17 t Besatzung:\u00a03 Einsatzkr\u00e4fte &hellip; <span class=\"more-button\"><a href=\"https:\/\/feuerwehr-weissenfels.de\/?page_id=1708\" class=\"more-link\">Continue Reading<span class=\"screen-reader-text\">TLF 24\/50<\/span><\/a><\/span><\/p>\n","protected":false},"author":1,"featured_media":0,"parent":0,"menu_order":0,"comment_status":"open","ping_status":"open","template":"","meta":[],"_links":{"self":[{"href":"https:\/\/feuerwehr-weissenfels.de\/index.php?rest_route=\/wp\/v2\/pages\/1708"}],"collection":[{"href":"https:\/\/feuerwehr-weissenfels.de\/index.php?rest_route=\/wp\/v2\/pages"}],"about":[{"href":"https:\/\/feuerwehr-weissenfels.de\/index.php?rest_route=\/wp\/v2\/types\/page"}],"author":[{"embeddable":true,"href":"https:\/\/feuerwehr-weissenfels.de\/index.php?rest_route=\/wp\/v2\/users\/1"}],"replies":[{"embeddable":true,"href":"https:\/\/feuerwehr-weissenfels.de\/index.php?rest_route=%2Fwp%2Fv2%2Fcomments&post=1708"}],"version-history":[{"count":14,"href":"https:\/\/feuerwehr-weissenfels.de\/index.php?rest_route=\/wp\/v2\/pages\/1708\/revisions"}],"predecessor-version":[{"id":7620,"href":"https:\/\/feuerwehr-weissenfels.de\/index.php?rest_route=\/wp\/v2\/pages\/1708\/revisions\/7620"}],"wp:attachment":[{"href":"https:\/\/feuerwehr-weissenfels.de\/index.php?rest_route=%2Fwp%2Fv2%2Fmedia&parent=1708"}],"curies":[{"name":"wp","href":"https:\/\/api.w.org\/{rel}","templated":true}]}}