{"id":1728,"date":"2015-04-29T15:06:37","date_gmt":"2015-04-29T13:06:37","guid":{"rendered":"http:\/\/feuerwehr-weissenfels.de\/?page_id=1728"},"modified":"2018-02-14T13:26:11","modified_gmt":"2018-02-14T11:26:11","slug":"elw-1","status":"publish","type":"page","link":"https:\/\/feuerwehr-weissenfels.de\/?page_id=1728","title":{"rendered":"ELW 1"},"content":{"rendered":"<p><strong>Fahrzeugbezeichnung<\/strong>: Einsatzleitwagen (ELW 1)<\/p>\n<p><strong>Hersteller: <\/strong>Ford<\/p>\n<p><strong>Typ: <\/strong>Transit<\/p>\n<p><strong>Aufbau: <\/strong>FA Sch\u00e4fer &amp; FF Wei\u00dfenfels<\/p>\n<p><strong>Beklebung Heckdesign:\u00a0<\/strong>Winterberg Promotion, Hanse Merkur Burgenlandkreis, FF Wei\u00dfenfels (2016 umgesetzt)<\/p>\n<p><strong>Baujahr: <\/strong>13.05.2014<\/p>\n<p><strong>Gesamtgewicht: <\/strong>3,5 t<\/p>\n<p><strong>Besatzung:<\/strong>\u00a02-3 Einsatzkr\u00e4fte im Einsatzleitdienst \u00a0als MTW max. 9 Personen)<\/p>\n<p><strong>Ausstattung: <\/strong>Funktechnik analog &amp; digital, Kennzeichnungswesten &#8222;<em>Einsatzleiter, Presse, Abschnittsleiter, Atemschutz\u00fcberwachung&#8220;<\/em> laut DIN Sachsen-Anhalt, Absperrtechnik &#8222;Flashlight &amp; Kegel&#8220;, Computertechnik f\u00fcr z. B. Gefahrgut, Rettungskarte usw., Einsatzstellenbeleuchtung Power Moon-LED, Stromerzeuger, Einsatzunterlagen st\u00e4dtisches Gebiet, First Responder-Rucksack <em>(Best\u00fcckung nach FF WSF)<\/em><\/p>\n<p>Dieses Fahrzeuge l\u00f6ste im Sommer 2014 seinen Vorg\u00e4nger, einen alten VW Passat, aus dem Jahr 1991 ab. Der Einsatzleitwagen wurde als Neufahrzeug beschafft und mit einer neuen Sondersignalanlage ausgestattet. Der Ford Transit wurde nach einem eigenen Ideendesign beklebt und war\u00a0somit der Beginn eines einheitlichen Erscheinungsbildes aller Einsatzfahrzeuge. Das Fahrzeug wird seitdem mittels eigenen finanziellen Mitteln weiterhin so aufgebaut, das es einem Einsatzleitwagen nach DIN entspricht. Computer sowie verschiedenste Funktechnik, LED-Scheinwerfer sowie ausreichend Kartenmaterial sind bereits schon vorhanden.<\/p>\n<p><em>P\u00fcnktlich zum 7000. Facebook-Like \u00a0fanden sich sofort zwei Wei\u00dfenfelser Unternehmen, die mit einer Sachwertspende die Neugestaltung unseres Einsatzleitwagens m\u00f6glich machten. Die neue Heckbeklebung dient zur zus\u00e4tzlichen Wahrnehmung im Stra\u00dfenverkehr, egal ob am Tag oder in der Nacht. Sie gibt uns in gewisser Weise eine weitere Form der Sicht<span class=\"text_exposed_show\">barkeit durch rechtzeitige Erkennung. Nach einigen gemeinsamen Absprachen, haben sich alle Organisatoren auf dieses bisher einmalige Design im Landkreis geeinigt.<\/span><\/em><\/p>\n<div class=\"text_exposed_show\">\n<p><em>Auf diesem Weg bedanken wir uns ganz herzlich bei der Firma\u00a0<a class=\"profileLink\" href=\"https:\/\/www.facebook.com\/WinterbergPromotion.de\/\" data-hovercard=\"\/ajax\/hovercard\/page.php?id=193370284011489\">WinterbergPromotion<\/a>\u00a0und\u00a0<a class=\"profileLink\" href=\"https:\/\/www.facebook.com\/HanseMerkurBurgenlandkreis\/\" data-hovercard=\"\/ajax\/hovercard\/page.php?id=1511702125800593\">HanseMerkur Burgenlandkreis<\/a>, die sich sofort und ohne zu z\u00f6gern f\u00fcr die Erweiterung unserer Sicherheit eingesetzt haben.<\/em><\/p>\n<p>DANKE!<\/p>\n<\/div>\n<p>[print_gllr id=7603]<\/p>\n<hr \/>\n<p>&nbsp;<\/p>\n","protected":false},"excerpt":{"rendered":"<p>Fahrzeugbezeichnung: Einsatzleitwagen (ELW 1) Hersteller: Ford Typ: Transit Aufbau: FA Sch\u00e4fer &amp; FF Wei\u00dfenfels Beklebung Heckdesign:\u00a0Winterberg Promotion, Hanse Merkur Burgenlandkreis, &hellip; <span class=\"more-button\"><a href=\"https:\/\/feuerwehr-weissenfels.de\/?page_id=1728\" class=\"more-link\">Continue Reading<span class=\"screen-reader-text\">ELW 1<\/span><\/a><\/span><\/p>\n","protected":false},"author":2,"featured_media":0,"parent":0,"menu_order":0,"comment_status":"open","ping_status":"open","template":"","meta":[],"_links":{"self":[{"href":"https:\/\/feuerwehr-weissenfels.de\/index.php?rest_route=\/wp\/v2\/pages\/1728"}],"collection":[{"href":"https:\/\/feuerwehr-weissenfels.de\/index.php?rest_route=\/wp\/v2\/pages"}],"about":[{"href":"https:\/\/feuerwehr-weissenfels.de\/index.php?rest_route=\/wp\/v2\/types\/page"}],"author":[{"embeddable":true,"href":"https:\/\/feuerwehr-weissenfels.de\/index.php?rest_route=\/wp\/v2\/users\/2"}],"replies":[{"embeddable":true,"href":"https:\/\/feuerwehr-weissenfels.de\/index.php?rest_route=%2Fwp%2Fv2%2Fcomments&post=1728"}],"version-history":[{"count":31,"href":"https:\/\/feuerwehr-weissenfels.de\/index.php?rest_route=\/wp\/v2\/pages\/1728\/revisions"}],"predecessor-version":[{"id":7741,"href":"https:\/\/feuerwehr-weissenfels.de\/index.php?rest_route=\/wp\/v2\/pages\/1728\/revisions\/7741"}],"wp:attachment":[{"href":"https:\/\/feuerwehr-weissenfels.de\/index.php?rest_route=%2Fwp%2Fv2%2Fmedia&parent=1728"}],"curies":[{"name":"wp","href":"https:\/\/api.w.org\/{rel}","templated":true}]}}