{"id":33,"date":"2014-04-18T12:13:30","date_gmt":"2014-04-18T10:13:30","guid":{"rendered":"http:\/\/feuerwehr-weissenfels.de\/?page_id=33"},"modified":"2019-11-09T15:47:10","modified_gmt":"2019-11-09T13:47:10","slug":"ueber-uns","status":"publish","type":"page","link":"https:\/\/feuerwehr-weissenfels.de\/?page_id=33","title":{"rendered":"\u00dcber uns"},"content":{"rendered":"<hr \/>\n<p style=\"text-align: justify;\">Die\u00a0Feuerwache der Stadt Wei\u00dfenfels in der Leopold-Kell-Stra\u00dfe\u00a0ist rund um die Uhr mit hauptamtlichen Einsatzkr\u00e4ften besetzt.<\/p>\n<p style=\"text-align: justify;\">Mindestens ein Wachschichtleiter und zwei Einsatzkr\u00e4fte stehen somit immer zur Verf\u00fcgung und k\u00f6nnen im Einsatzfall sofort ausr\u00fccken. Insgesamt sind in unserer Wehr 15 hauptamtliche Kameraden im 24-Stunden-Schichtdienst t\u00e4tig. Der Wachschichtleiter der jeweiligen Dienstschicht ist verantwortlich f\u00fcr den Tagesablauf und im Einsatzfall die ersteintreffende F\u00fchrungskraft und somit Einsatzleiter im Stadtgebiet Wei\u00dfenfels.<\/p>\n<p style=\"text-align: justify;\">Alle hauptamtlichen Kameraden verf\u00fcgen \u00fcber eine Berufsfeuerwehrausbildung.<\/p>\n<p style=\"text-align: justify;\">Unsere freiwilligen Kameraden\u00a0werden je nach Ereignis parallel alarmiert oder bei Bedarf durch die Dienstschicht nachgefordert.<\/p>\n<p style=\"text-align: justify;\"><strong>Unsere Ausr\u00fcckeordnung (AAO)\u00a0<\/strong><\/p>\n<ul style=\"text-align: justify;\">\n<li>Abmarsch 1: Dienstschicht<\/li>\n<\/ul>\n<ul style=\"text-align: justify;\">\n<li>Abmarsch 2: Dienstschicht + kommunale Einsatzkr\u00e4fte (Besch\u00e4ftigte bei der Stadt Wei\u00dfenfels)<\/li>\n<\/ul>\n<ul style=\"text-align: justify;\">\n<li>Abmarsch 3: Dienstschicht + Einsatzkr\u00e4fte der Freiwilligen Feuerwehr<\/li>\n<\/ul>\n<ul style=\"text-align: justify;\">\n<li>Abmarsch 4: alle Kr\u00e4fte gesamt +\u00a0 Ortswehr Borau<\/li>\n<\/ul>\n<p style=\"text-align: justify;\">Im Ausr\u00fcckebereich der Feuerwehr Wei\u00dfenfels liegt u. a. die BAB 9, BAB 38, B 91, B 87, B 176, mehrere Industriegebiete, Bahnstrecke mit mehreren Hauptgleisen (ICE-Hauptstrecke), die Saale und einen G\u00fcter- &amp; Gefahrgutbahnhof.<\/p>\n<p style=\"text-align: justify;\">Au\u00dferdem r\u00fccken unsere Kr\u00e4fte im Bedarfsfall auch \u00fcber\u00f6rtlich aus, um mit Spezialtechnik (u. a. Drehleiter, Tankl\u00f6schfahrzeug oder R\u00fcstwagen, Ger\u00e4tewagen-Gefahrgut) Hilfe zu leisten.<\/p>\n","protected":false},"excerpt":{"rendered":"<p>Die\u00a0Feuerwache der Stadt Wei\u00dfenfels in der Leopold-Kell-Stra\u00dfe\u00a0ist rund um die Uhr mit hauptamtlichen Einsatzkr\u00e4ften besetzt. Mindestens ein Wachschichtleiter und zwei &hellip; <span class=\"more-button\"><a href=\"https:\/\/feuerwehr-weissenfels.de\/?page_id=33\" class=\"more-link\">Continue Reading<span class=\"screen-reader-text\">\u00dcber uns<\/span><\/a><\/span><\/p>\n","protected":false},"author":1,"featured_media":0,"parent":0,"menu_order":0,"comment_status":"open","ping_status":"open","template":"","meta":[],"_links":{"self":[{"href":"https:\/\/feuerwehr-weissenfels.de\/index.php?rest_route=\/wp\/v2\/pages\/33"}],"collection":[{"href":"https:\/\/feuerwehr-weissenfels.de\/index.php?rest_route=\/wp\/v2\/pages"}],"about":[{"href":"https:\/\/feuerwehr-weissenfels.de\/index.php?rest_route=\/wp\/v2\/types\/page"}],"author":[{"embeddable":true,"href":"https:\/\/feuerwehr-weissenfels.de\/index.php?rest_route=\/wp\/v2\/users\/1"}],"replies":[{"embeddable":true,"href":"https:\/\/feuerwehr-weissenfels.de\/index.php?rest_route=%2Fwp%2Fv2%2Fcomments&post=33"}],"version-history":[{"count":14,"href":"https:\/\/feuerwehr-weissenfels.de\/index.php?rest_route=\/wp\/v2\/pages\/33\/revisions"}],"predecessor-version":[{"id":8924,"href":"https:\/\/feuerwehr-weissenfels.de\/index.php?rest_route=\/wp\/v2\/pages\/33\/revisions\/8924"}],"wp:attachment":[{"href":"https:\/\/feuerwehr-weissenfels.de\/index.php?rest_route=%2Fwp%2Fv2%2Fmedia&parent=33"}],"curies":[{"name":"wp","href":"https:\/\/api.w.org\/{rel}","templated":true}]}}

Über uns

<hr />
<p style="text-align: justify;">Die Feuerwache der Stadt Weißenfels in der Leopold-Kell-Straße ist rund um die Uhr mit hauptamtlichen Einsatzkräften besetzt.</p>
<p style="text-align: justify;">Mindestens ein Wachschichtleiter und zwei Einsatzkräfte stehen somit immer zur Verfügung und können im Einsatzfall sofort ausrücken. Insgesamt sind in unserer Wehr 15 hauptamtliche Kameraden im 24-Stunden-Schichtdienst tätig. Der Wachschichtleiter der jeweiligen Dienstschicht ist verantwortlich für den Tagesablauf und im Einsatzfall die ersteintreffende Führungskraft und somit Einsatzleiter im Stadtgebiet Weißenfels.</p>
<p style="text-align: justify;">Alle hauptamtlichen Kameraden verfügen über eine Berufsfeuerwehrausbildung.</p>
<p style="text-align: justify;">Unsere freiwilligen Kameraden werden je nach Ereignis parallel alarmiert oder bei Bedarf durch die Dienstschicht nachgefordert.</p>
<p style="text-align: justify;"><strong>Unsere Ausrückeordnung (AAO) </strong></p>
<ul style="text-align: justify;">
<li>Abmarsch 1: Dienstschicht</li>
</ul>
<ul style="text-align: justify;">
<li>Abmarsch 2: Dienstschicht + kommunale Einsatzkräfte (Beschäftigte bei der Stadt Weißenfels)</li>
</ul>
<ul style="text-align: justify;">
<li>Abmarsch 3: Dienstschicht + Einsatzkräfte der Freiwilligen Feuerwehr</li>
</ul>
<ul style="text-align: justify;">
<li>Abmarsch 4: alle Kräfte gesamt +  Ortswehr Borau</li>
</ul>
<p style="text-align: justify;">Im Ausrückebereich der Feuerwehr Weißenfels liegt u. a. die BAB 9, BAB 38, B 91, B 87, B 176, mehrere Industriegebiete, Bahnstrecke mit mehreren Hauptgleisen (ICE-Hauptstrecke), die Saale und einen Güter- &amp; Gefahrgutbahnhof.</p>
<p style="text-align: justify;">Außerdem rücken unsere Kräfte im Bedarfsfall auch überörtlich aus, um mit Spezialtechnik (u. a. Drehleiter, Tanklöschfahrzeug oder Rüstwagen, Gerätewagen-Gefahrgut) Hilfe zu leisten.</p>

<p>Die Feuerwache der Stadt Weißenfels in der Leopold-Kell-Straße ist rund um die Uhr mit hauptamtlichen Einsatzkräften besetzt. Mindestens ein Wachschichtleiter und zwei &hellip; <span class="more-button"><a href="https://feuerwehr-weissenfels.de/?page_id=33" class="more-link">Continue Reading<span class="screen-reader-text">Über uns</span></a></span></p>
