{"id":3467,"date":"2015-12-29T19:09:24","date_gmt":"2015-12-29T17:09:24","guid":{"rendered":"http:\/\/feuerwehr-weissenfels.de\/?page_id=3467"},"modified":"2015-12-29T19:26:01","modified_gmt":"2015-12-29T17:26:01","slug":"insekten","status":"publish","type":"page","link":"https:\/\/feuerwehr-weissenfels.de\/?page_id=3467","title":{"rendered":"Insekten"},"content":{"rendered":"<div id=\"seitentitel\">\n<h4 style=\"text-align: justify;\">Kommt die Feuerwehr auch bei Wespen und Bienen?<\/h4>\n<\/div>\n<div id=\"middle\">\n<div id=\"c8837\" class=\"csc-default\" style=\"text-align: justify;\">\n<p class=\"bodytext\">Wespen, Bienen und \u00e4hnliche Insekten, (sogenannte Hymenopteren) stellen keine Gefahr dar. Alle Hymenopteren k\u00f6nnen stechen. Dies ist zwar schmerzhaft, jedoch in der Regel nicht besonders gef\u00e4hrlich oder gar t\u00f6dlich. Lediglich f\u00fcr Menschen mit Insektengiftallergie (2-3% der Bev\u00f6lkerung) k\u00f6nnen Stiche schwerwiegende Folgen haben.<\/p>\n<p class=\"bodytext\">Hymenopteren \u00fcben eine wichtige Bestandsregelung bei Ernte- und Forstsch\u00e4dlingen aus und best\u00e4uben zahlreiche Wild- und Kulturpflanzen. Wespen unterstehen dem allgemeinen Schutz, eine Vielzahl von Arten sogar einem besonderen Schutz. Das hei\u00dft, ohne einen triftigen Grund d\u00fcrfen Nester nicht entfernt werden. Bei der Umsiedelung oder gar Beseitigung eines Hornissen- oder Hummelnestes ist ein Antrag auf Befreiung von den artenschutzrechtlichen Verboten erforderlich.<\/p>\n<p class=\"bodytext\"><b>Die Feuerwehr r\u00fcckt zu Wespennestern u. \u00e4. nur dann aus, wenn eine konkrete Gefahr vorliegt. Eine Gefahr durch Hymenopteren ist dann gegeben, wenn die Nutzer einer Einrichtung in ihrer Mobilit\u00e4t stark eingeschr\u00e4nkt sind und sich dadurch vor dem Insektenbefall nicht ausreichend sch\u00fctzen k\u00f6nnen. Dies ist z.B. in Krankenh\u00e4usern, Kinderg\u00e4rten und Altenheimen\u00a0gegeben.<\/b><\/p>\n<p class=\"bodytext\">Hymenopteren leben nur wenige Monate, daher kann man die Nester im Herbst problemlos entfernen und umsiedeln, sie sind um diese Jahreszeit verlassen und stellen keine Gefahr mehr dar. Beratung und Hilfe erhalten Sie beim Berliner Hymenopterendienst und diversen Umweltverb\u00e4nden.<\/p>\n<\/div>\n<div id=\"c8836\" class=\"csc-default\" style=\"text-align: justify;\">\n<div class=\"csc-header csc-header-n2\">\n<h4>Bienen, Hummeln, Wespen und Hornissen<\/h4>\n<\/div>\n<p class=\"bodytext\">Jeden Sommer h\u00e4ufen sich die Klagen \u00fcber Bienen, Hummeln, Wespen und Hornissen. An s\u00fc\u00dfem naschende Wespen oder ein Hummelnest im Schulhof sind einige Beispiele solcher Konflikte. Alle sozialen Wespen- und Hummelarten bilden im Gegensatz zu der Honigbiene ein nur f\u00fcr wenige Monate bestehendes Volk. H\u00e4ufig ist nicht bekannt, dass Wespen durch die Bejagung von Ernte- und Forstsch\u00e4dlingen eine \u00f6kologisch und \u00f6konomisch wichtige Bestandsregulation aus\u00fcben.<\/p>\n<p class=\"bodytext\">Der Bek\u00e4mpfung st\u00f6render Nester sind jedoch Grenzen gesetzt, denn die Hornissen (Vespa crabro) und die Hummeln (Bombus spec.) sind nach \u00a7\u00a020 BNatSchG besonders gesch\u00fctzt. Sie d\u00fcrfen grunds\u00e4tzlich nicht ohne besondere Genehmigung durch die Obere Naturschutzbeh\u00f6rde bek\u00e4mpft werden.<\/p>\n<p class=\"bodytext\">Im folgenden werden die Unterschiede der einzelnen Gattungen kurz dargelegt und Ansprechpartner genannt, die bei Fragen rund um Hummeln, Wespen und Hornissen zur Verf\u00fcgung stehen.<\/p>\n<\/div>\n<div id=\"c8835\" class=\"csc-default\" style=\"text-align: justify;\">\n<div class=\"csc-header csc-header-n3\">\n<h4>Sandbienen (Solit\u00e4rbienen)<\/h4>\n<\/div>\n<p class=\"bodytext\">Der Nestzyklus der Sandbienen erstreckt sich von Mai bis August. Sandbienen graben an sandigen Pl\u00e4tzen (z.B. Spielpl\u00e4tze, Kita) G\u00e4nge in den Boden und richten hierin ihre Nester ein. Erkennbar sind die Nester an vielen kleinen L\u00f6chern im Boden an deren Eingang sich kleine Sandh\u00fcgel befinden. Von Sandbienen geht im allgemeinen keine Gef\u00e4hrdung aus. Sie stehen unter Naturschutz und ihre Nester k\u00f6nnen nicht umgesetzt werden.<\/p>\n<\/div>\n<div id=\"c8834\" class=\"csc-default\" style=\"text-align: justify;\">\n<div class=\"csc-header csc-header-n4\">\n<h4>Mauerbienen (Solit\u00e4rbienen)<\/h4>\n<\/div>\n<p class=\"bodytext\">Aus dem Namen leitet sich ab, dass Mauerbinen im Mauerwerk ihre Eier in vorhandene Risse und L\u00f6cher ablegen. Der Nestzyklus erstreckt sich hier ebenfalls von Mai bis August. Auch von Mauerbinen geht im allgemeinen keine Gef\u00e4hrdung aus. Sie k\u00f6nnen nicht umgesetzt werden.<\/p>\n<p class=\"bodytext\">Bienenv\u00f6lker k\u00f6nnen eine maximale Volksst\u00e4rke von bis zu 10.000\u00a0Tieren erreichen.<\/p>\n<\/div>\n<div id=\"c8833\" class=\"csc-default\" style=\"text-align: justify;\">\n<div class=\"csc-header csc-header-n5\">\n<h4>Hummeln<\/h4>\n<\/div>\n<p class=\"bodytext\">Hummeln bauen ihre Nester oft in Erdh\u00f6hlen und anderen unterirdischen Hohlr\u00e4umen wie z.B. alte Hasen- und M\u00e4usenester. Der Nestzyklus erstreckt sich von M\u00e4rz bis August. Die K\u00f6nigin baut die erste Wabe aus Wachs und zieht dort die erste Generation von Arbeiterinnen heran und stirbt im Herbst. K\u00f6niginnen sind die gr\u00f6\u00dften Tiere innerhalb eines Volkes. Ein Volk besteht bei Hummeln aus ca. 300\u00a0Tieren. Hummeln ern\u00e4hren sich und ihre Brut mit Pollen und Nektar. Erkennbar sind sie an ihren zwei gelben Streifen und dem wei\u00dfen Hinterteil.<\/p>\n<p class=\"bodytext\">Eine Ausnahme bildet die Baumhummel. Sie gr\u00fcndet ihr Nest in B\u00e4umen (alte Vogelnester aber auch im Dachgescho\u00df von Geb\u00e4uden) und ist aggressiv. Die Farbe der Baumhummel ist grau mit schwarzen Streifen. Hummeln sind in der Lage sich bei Gefahr gegenseitig zu alarmieren, gelten im allgemeinen aber als ungef\u00e4hrlich.<\/p>\n<p class=\"bodytext\">Hummelnester k\u00f6nnen umgesetzt werden. Das Umsetzen wird momentan von der Freien Universit\u00e4t, Institut f\u00fcr Biologie\/Zoologie vorgenommen. Die Aufwandsentsch\u00e4digung hierf\u00fcr betr\u00e4gt zwischen 50,- und 100,-\u00a0\u20ac. Das Umsetzen von Nestern der Baumhummel ist aufgrund der in den Baumkronen sitzenden Nester mitunter schwierig.<\/p>\n<\/div>\n<div id=\"c8832\" class=\"csc-default\" style=\"text-align: justify;\">\n<div class=\"csc-header csc-header-n6\">\n<h4>Wespen<\/h4>\n<\/div>\n<p class=\"bodytext\">Bei den Wespen wird unterschieden zwischen den Feldwespen die sehr selten sind, den Langkopf- sowie den Kurzkopfwespen. Der Unterschied zwischen der Langkopf- und der Kurzkopfwespe besteht im Abstand vom unteren Augenrand bis zum Kauwerkzeug und ist f\u00fcr den Laien schwer zu erkennen. Der Nestzyklus der Langkopfwespe beginnt im Mai und dauert ca. zwei Monate. Sie bauen etwa fu\u00dfballgrosse h\u00e4ngende Wabenetagen (Nester) aus einer papierartigen Holzmasse (zerkleinertes Holz mit Speichel vermengt). Hat das Nest bereits die beschriebene Gr\u00f6\u00dfe erreicht ist eine Umsetzung wenig sinnvoll, weil der Nestzyklus ohnehin bald beendet ist. Die Kurzkopfwespe hingegen baut ihr etwa doppelt so gro\u00dfes Nest haupts\u00e4chlich im Erdreich. Der Nestzyklus beginnt im April und dauert bis Ende Oktober. Wespen sind Allesfresser (Aas, erbeutete Insekten, s\u00fc\u00dfe Pflanzens\u00e4fte, Lebensmittel) und ein Nest kann 1.000 bis 10.000\u00a0Tiere beherbergen.<\/p>\n<p class=\"bodytext\">Grunds\u00e4tzlich werden vorhandene Nester im folgenden Jahr nicht erneut besiedelt. Es ist aber m\u00f6glich, dass sich Wespen \u00fcber mehrere Jahre hinweg an der gleichen Stelle ein Nest errichten. Dies h\u00e4ngt in erster Linie von dem Standort ab. Die Beseitigung von Wespennestern erfolgt durch den Sch\u00e4dlingsbek\u00e4mpfer.<\/p>\n<\/div>\n<div id=\"c8831\" class=\"csc-default\">\n<div class=\"csc-header csc-header-n7\" style=\"text-align: justify;\">\n<h4>Hornissen<\/h4>\n<\/div>\n<p class=\"bodytext\" style=\"text-align: justify;\">Der Nestzyklus der Hornissen beginnt im Mai und endet im Oktober. Ein Hornissenvolk besteht aus 300 bis 1.000\u00a0Tieren. Sie ern\u00e4hren sich von Insekten und von Pflanzens\u00e4ften &#8211; nicht von Fr\u00fchst\u00fccksbr\u00f6tchen! Hornissen sind etwa 3-4\u00a0cm gro\u00df, Wespen etwa 1-2\u00a0cm, und an ihrer br\u00e4unlich-gelben F\u00e4rbung gut zu erkennen. Wespen weisen eine schwarz-gelbe F\u00e4rbung auf. Hornissennester k\u00f6nnen fr\u00fchestens ab Mitte Juni umgesetzt werden.<\/p>\n<h4 class=\"bodytext\" style=\"text-align: justify;\"><b>Spezielle Probleme bei Hornissen<\/b><\/h4>\n<ul style=\"text-align: justify;\">\n<li>Starkes Vorurteil \u00fcber die Stichwirkung, Tiere sind &#8222;lediglich&#8220; gr\u00f6\u00dfer als Wespen!<\/li>\n<li>Hornissen sind nachtaktiv und fliegen auf Licht. Man kann sie mit einem Glas fangen und wieder aussetzen.<\/li>\n<li>Wenn Hornissen und Wespen auf Nahrungssuche sind, stechen sie nicht!<\/li>\n<li>Nur Honigbienen verlieren beim Stechen ihren Stachel, weil ihr Hinterleib zu schwach ist den Stachel wieder heraus zu ziehen.<\/li>\n<li>Hornissen koten direkt unter ihrem Nest ab, hieraus resultiert eine Geruchsbel\u00e4stigung.<\/li>\n<li>Hornissen k\u00f6nnen ab etwa August Sekund\u00e4rnester gr\u00fcnden.<\/li>\n<li>Es gibt in Berlin mittlerweile eine Reihe von Sch\u00e4dlingsbek\u00e4mpfern, die illegal das Umsetzen oder Beseitigen von Hornissennestern anbieten.<\/li>\n<\/ul>\n<h4 class=\"bodytext\" style=\"text-align: justify;\"><b>Die M\u00e4r von den 7\u00a0Stichen<\/b><\/h4>\n<p class=\"bodytext\" style=\"text-align: justify;\">Besonders die Hornisse ist wegen ihres angeblich lebensgef\u00e4hrlichen Stiches gef\u00fcrchtet &#8211; bereits 7 Stiche sollen ein Pferd t\u00f6ten k\u00f6nnen hei\u00dft es im Volksmund, wohingegen die Hummel harmlos sei da sie nicht stechen k\u00f6nne.<\/p>\n<p class=\"bodytext\" style=\"text-align: justify;\">Tatsache ist, dass alle sozialen Wespen und Bienen (auch die Hummel) stechen k\u00f6nnen; ihr Stich ist schmerzhaft, aber nicht besonders gef\u00e4hrlich oder gar t\u00f6dlich. Nur Stiche im Mund oder Rachen k\u00f6nnen aufgrund der Schwellung lebensgef\u00e4hrlich sein.<\/p>\n<p class=\"bodytext\" style=\"text-align: justify;\">Eine seltene (ca. 2% bis 3% der Bev\u00f6lkerung sind davon betroffen) aber lebensgef\u00e4hrliche Ausnahme ist die Insektengiftallergie. Allergiker reagieren in der Regel auf eines von vier Proteinen im Insektengift. Wer allergisch auf einen Bienenstich reagiert <b>kann<\/b> auch auf einen Wespenstich allergisch reagieren. Eine starke Reaktion auf einen einzelnen Stich (lokale Schwellung, erh\u00f6hter Pulsschlag) ist alleine noch kein Hinweis auf das Vorliegen einer Allergie. Erst ein diagnostischer Hauttest beim Allergologen verschafft Klarheit.<\/p>\n<\/div>\n<\/div>\n","protected":false},"excerpt":{"rendered":"<p>Kommt die Feuerwehr auch bei Wespen und Bienen? Wespen, Bienen und \u00e4hnliche Insekten, (sogenannte Hymenopteren) stellen keine Gefahr dar. Alle &hellip; <span class=\"more-button\"><a href=\"https:\/\/feuerwehr-weissenfels.de\/?page_id=3467\" class=\"more-link\">Continue Reading<span class=\"screen-reader-text\">Insekten<\/span><\/a><\/span><\/p>\n","protected":false},"author":3,"featured_media":0,"parent":0,"menu_order":0,"comment_status":"closed","ping_status":"closed","template":"","meta":[],"_links":{"self":[{"href":"https:\/\/feuerwehr-weissenfels.de\/index.php?rest_route=\/wp\/v2\/pages\/3467"}],"collection":[{"href":"https:\/\/feuerwehr-weissenfels.de\/index.php?rest_route=\/wp\/v2\/pages"}],"about":[{"href":"https:\/\/feuerwehr-weissenfels.de\/index.php?rest_route=\/wp\/v2\/types\/page"}],"author":[{"embeddable":true,"href":"https:\/\/feuerwehr-weissenfels.de\/index.php?rest_route=\/wp\/v2\/users\/3"}],"replies":[{"embeddable":true,"href":"https:\/\/feuerwehr-weissenfels.de\/index.php?rest_route=%2Fwp%2Fv2%2Fcomments&post=3467"}],"version-history":[{"count":3,"href":"https:\/\/feuerwehr-weissenfels.de\/index.php?rest_route=\/wp\/v2\/pages\/3467\/revisions"}],"predecessor-version":[{"id":3481,"href":"https:\/\/feuerwehr-weissenfels.de\/index.php?rest_route=\/wp\/v2\/pages\/3467\/revisions\/3481"}],"wp:attachment":[{"href":"https:\/\/feuerwehr-weissenfels.de\/index.php?rest_route=%2Fwp%2Fv2%2Fmedia&parent=3467"}],"curies":[{"name":"wp","href":"https:\/\/api.w.org\/{rel}","templated":true}]}}