{"id":3470,"date":"2015-12-29T19:11:21","date_gmt":"2015-12-29T17:11:21","guid":{"rendered":"http:\/\/feuerwehr-weissenfels.de\/?page_id=3470"},"modified":"2015-12-29T19:26:22","modified_gmt":"2015-12-29T17:26:22","slug":"unwetterlagen","status":"publish","type":"page","link":"https:\/\/feuerwehr-weissenfels.de\/?page_id=3470","title":{"rendered":"Unwetterlagen"},"content":{"rendered":"<div id=\"seitentitel\">\n<h4 style=\"text-align: justify;\">Hinweise zum Verhalten bei Sturm- bzw. Unwetterwarnung<\/h4>\n<\/div>\n<div id=\"middle\">\n<div id=\"c8821\" class=\"csc-default\" style=\"text-align: justify;\">\n<div class=\"csc-header csc-header-n1\"><\/div>\n<ul>\n<li>Halten Sie Balkon- und Terrassenabl\u00e4ufe sowie alle zum Geb\u00e4ude geh\u00f6renden sonstigen Abl\u00e4ufe frei von Bl\u00e4ttern und Bl\u00fcten!<\/li>\n<li>Fahren Sie Markisen ein, schlie\u00dfen Sie Sonnenschirme!<\/li>\n<li>Ziehen Sie Netzstecker und Antennenkabel von Fernsehger\u00e4ten und PCs!<\/li>\n<li>Bek\u00e4mpfen Sie kleinere Wassersch\u00e4den selbst. Sie halten damit Feuerwehrkr\u00e4fte f\u00fcr wichtige Eins\u00e4tze frei.<\/li>\n<li>Bleiben Sie bei Sturm und Gewitter im Haus \u2013 das ist der sicherste Ort.<\/li>\n<li>Sollten Sie im Freien \u00fcberrascht werden, gehen Sie in Hockstellung.<\/li>\n<\/ul>\n<p class=\"bodytext\">\u00a0Helfen Sie der Feuerwehr ihre Ressourcen effizient einzusetzen und zwar dort, wo echte Notf\u00e4lle eingetreten sind.<\/p>\n<\/div>\n<div id=\"c8856\" class=\"csc-frame csc-frame-frame1\">\n<p class=\"bodytext\" style=\"text-align: justify;\">Br\u00e4nde und andere akute Notf\u00e4lle melden Sie \u00fcber die Notrufnummer 112.<\/p>\n<p class=\"bodytext\" style=\"text-align: justify;\"><strong>Bitte haben Sie Verst\u00e4ndnis daf\u00fcr, dass Regen- und Sturmsch\u00e4den nach Priorit\u00e4t beseitigt werden. Belasten Sie die Leitstelle nicht durch Nachfragen, au\u00dfer in wirklich dringenden F\u00e4llen.\u00a0<\/strong><strong>Die Feuerwehr kommt!<\/strong><\/p>\n<\/div>\n<\/div>\n","protected":false},"excerpt":{"rendered":"<p>Hinweise zum Verhalten bei Sturm- bzw. Unwetterwarnung Halten Sie Balkon- und Terrassenabl\u00e4ufe sowie alle zum Geb\u00e4ude geh\u00f6renden sonstigen Abl\u00e4ufe frei &hellip; <span class=\"more-button\"><a href=\"https:\/\/feuerwehr-weissenfels.de\/?page_id=3470\" class=\"more-link\">Continue Reading<span class=\"screen-reader-text\">Unwetterlagen<\/span><\/a><\/span><\/p>\n","protected":false},"author":3,"featured_media":0,"parent":0,"menu_order":0,"comment_status":"closed","ping_status":"closed","template":"","meta":[],"_links":{"self":[{"href":"https:\/\/feuerwehr-weissenfels.de\/index.php?rest_route=\/wp\/v2\/pages\/3470"}],"collection":[{"href":"https:\/\/feuerwehr-weissenfels.de\/index.php?rest_route=\/wp\/v2\/pages"}],"about":[{"href":"https:\/\/feuerwehr-weissenfels.de\/index.php?rest_route=\/wp\/v2\/types\/page"}],"author":[{"embeddable":true,"href":"https:\/\/feuerwehr-weissenfels.de\/index.php?rest_route=\/wp\/v2\/users\/3"}],"replies":[{"embeddable":true,"href":"https:\/\/feuerwehr-weissenfels.de\/index.php?rest_route=%2Fwp%2Fv2%2Fcomments&post=3470"}],"version-history":[{"count":2,"href":"https:\/\/feuerwehr-weissenfels.de\/index.php?rest_route=\/wp\/v2\/pages\/3470\/revisions"}],"predecessor-version":[{"id":3483,"href":"https:\/\/feuerwehr-weissenfels.de\/index.php?rest_route=\/wp\/v2\/pages\/3470\/revisions\/3483"}],"wp:attachment":[{"href":"https:\/\/feuerwehr-weissenfels.de\/index.php?rest_route=%2Fwp%2Fv2%2Fmedia&parent=3470"}],"curies":[{"name":"wp","href":"https:\/\/api.w.org\/{rel}","templated":true}]}}